dreds digit of 1799?
7
What is the tens digit of 1981?
8
What is the tens digit of 29016?
1
What is the tens digit of 61486?
8
What is the hundreds digit of 5362?
3
What is the tens digit of 1673?
7
What is the hundreds digit of 20254?
2
What is the units digit of 864?
4
What is the tens digit of 8663?
6
What is the tens digit of 18913?
1
What is the units digit of 965?
5
What is the hundred thousands digit of 104161?
1
What is the tens digit of 922?
2
What is the units digit of 637?
7
What is the units digit of 3484?
4
What is the hundreds digit of 9750?
7
What is the units digit of 7763?
3
What is the tens digit of 4583?
8
What is the hundreds digit of 26205?
2
What is the ten thousands digit of 25046?
2
What is the hundreds digit of 90322?
3
What is the tens digit of 2515?
1
What is the hundreds digit of 37243?
2
What is the units digit of 7159?
9
What is the hundreds digit of 1310?
3
What is the ten thousands digit of 46032?
4
What is the units digit of 905?
5
What is the hundreds digit of 2842?
8
What is the units digit of 539?
9
What is the units digit of 577?
7
What is the units digit of 1161?
1
What is the units digit of 2652?
2
What is the tens digit of 7317?
1
What is the tens digit of 1410?
1
What is the units digit of 5874?
4
What is the hundreds digit of 660?
6
What is the tens digit of 1642?
4
What is the tens digit of 3949?
4
What is the ten thousands digit of 139119?
3
What is the units digit of 2544?
4
What is the thousands digit of 9669?
9
What is the units digit of 4266?
6
What is the tens digit of 33392?
9
What is the thousands digit of 67603?
7
What is the units digit of 2453?
3
What is the hundreds digit of 5274?
2
What is the thousands digit of 1010?
1
What is the hundreds digit of 1089?
0
What is the units digit of 1463?
3
What is the units digit of 772?
2
What is the tens digit of 34313?
1
What is the ten thousands digit of 16500?
1
What is the hundreds digit of 4537?
5
What is the thousands digit of 1179?
1
What is the units digit of 15370?
0
What is the units digit of 15620?
0
What is the tens digit of 34056?
5
What is the tens digit of 37714?
1
What is the hundreds digit of 12680?
6
What is the thousands digit of 30790?
0
What is the units digit of 44240?
0
What is the hundreds digit of 11557?
5
What is the thousands digit of 170124?
0
What is the units digit of 1260?
0
What is the hundreds digit of 3203?
2
What is the tens digit of 71102?
0
What is the hundreds digit of 136?
1
What is the hundreds digit of 9360?
3
What is the units digit of 2307?
7
What is the tens digit of 3464?
6
What is the tens digit of 39650?
5
What is the units digit of 3276?
6
What is the thousands digit of 2532?
2
What is the units digit of 6636?
6
What is the units digit of 59?
9
What is the tens digit of 8917?
1
What is the hundreds digit of 9063?
0
What is the hundreds digit of 2753?
7
What is the tens digit of 797?
9
What is the tens digit of 1697?
9
What is the thousands digit of 104745?
4
What is the units digit of 1087?
7
What is the thousands digit of 1300?
1
What is the hundreds digit of 2256?
2
What is the ten thousands digit of 142788?
4
What is the hundreds digit of 15258?
2
What is the hundreds digit of 482?
4
What is the units digit of 5354?
4
What is the units digit of 2118?
8
What is the ten thousands digit of 26340?
2
What is the ten thousands digit of 12381?
1
What is the units digit of 12470?
0
What is the hundreds digit of 18213?
2
What is the thousands digit of 3989?
3
What is the tens digit of 2823?
2
What is the tens digit of 38?
3
What is the units digit of 2286?
6
What is the thousands digit of 1663?
1
What is the ten thousands digit of 16092?
1
What is the units digit of 83?
3
What is the hundreds digit of 35585?
5
What is the thousands digit of 25123?
5
What is the thousands digit of 56851?
6
What is the hundreds digit of 40001?
0
What is the units digit of 82826?
6
What is the hundreds digit of 28620?
6
What is the tens digit of 13424?
2
What is the thousands digit of 5823?
5
What is the tens digit of 84461?
6
What is the units digit of 2910?
0
What is the tens digit of 63415?
1
What is the hundreds digit of 4896?
8
What is the tens digit of 6041?
4
What is the ten thousands digit of 10959?
1
What is the tens digit of 14223?
2
What is the ten thousands digit of 28189?
2
What is the tens digit of 126014?
1
What is the hundreds digit of 1332?
3
What is the thousands digit of 1255?
1
What is the units digit of 11814?
4
What is the units digit of 3223?
3
What is the tens digit of 46335?
3
What is the ten thousands digit of 23694?
2
What is the units digit of 1130?
0
What is the units digit of 929?
9
What is the thousands digit of 1561?
1
What is the hundreds digit of 77371?
3
What is the units digit of 274?
4
What is the hundreds digit of 5364?
3
What is the units digit of 684?
4
What is the tens digit of 26768?
6
What is the thousands digit of 14971?
4
What is the hundreds digit of 493?
4
What is the tens digit of 598?
9
What is the hundreds digit of 46445?
4
What is the units digit of 38845?
5
What is the ten thousands digit of 27866?
2
What is the tens digit of 15?
1
What is the ten thousands digit of 48444?
4
What is the units digit of 3587?
7
What is the hundreds digit of 45365?
3
What is the units digit of 9578?
8
What is the thousands digit of 3079?
3
What is the units digit of 301?
1
What is the hundreds digit of 240?
2
What is the tens digit of 11573?
7
What is the units digit of 101264?
4
What is the ten thousands digit of 34193?
3
What is the units digit of 9229?
9
What is the tens digit of 144?
4
What is the thousands digit of 1705?
1
What is the thousands digit of 123950?
3
What is the units digit of 5?
5
What is the thousands digit of 1821?
1
What is the tens digit of 2945?
4
What is the units digit of 25825?
5
What is the tens digit of 1374?
7
What is the tens digit of 12568?
6
What is the hundreds digit of 24366?
3
What is the ten thousands digit of 12401?
1
What is the thousands digit of 2627?
2
What is the tens digit of 2716?
1
What is the hundreds digit of 115?
1
What is the tens digit of 16104?
0
What is the hundreds digit of 6585?
5
What is the thousands digit of 1208?
1
What is the ten thousands digit of 29698?
2
What is the tens digit of 2111?
1
What is the tens digit of 9337?
3
What is the units digit of 1335?
5
What is the hundreds digit of 1151?
1
What is the hundreds digit of 12255?
2
What is the hundreds digit of 5227?
2
What is the units digit of 840?
0
What is the tens digit of 9857?
5
What is the tens digit of 36786?
8
What is the ten thousands digit of 11239?
1
What is the hundreds digit of 1689?
6
What is the thousands digit of 2105?
2
What is the tens digit of 4647?
4
What is the tens digit of 179?
7
What is the tens digit of 443?
4
What is the tens digit of 48344?
4
What is the thousands digit of 28137?
8
What is the thousands digit of 1691?
1
What is the units digit of 110268?
8
What is the tens digit of 617?
1
What is the units digit of 4205?
5
What is the tens digit of 6562?
6
What is the hundreds digit of 2461?
4
What is the units digit of 895?
5
What is the hundreds digit of 5223?
2
What is the units digit of 52183?
3
What is the hundreds digit of 2097?
0
What is the units digit of 1399?
9
What is the tens digit of 4040?
4
What is the units digit of 6668?
8
What is the units digit of 1252?
2
What is the thousands digit of 1885?
1
What is the units digit of 797?
7
What is the hundreds digit of 688?
6
What is the thousands digit of 1856?
1
What is the ten thousands digit of 14945?
1
What is the units digit of 15054?
4
What is the hundreds digit of 490?
4
What is the thousands digit of 3966?
3
What is the units digit of 3672?
2
What is the units digit of 1085?
5
What is the thousands digit of 4651?
4
What is the ten thousands digit of 159208?
5
What is the units digit of 32333?
3
What is the hundreds digit of 31659?
6
What is the hundreds digit of 1627?
6
What is the tens digit of 6230?
3
What is the units digit of 9080?
0
What is the thousands digit of 2373?
2
What is the tens digit of 12282?
8
What is the hundreds digit of 562?
5
What is the tens digit of 9888?
8
What is the thousands digit of 19425?
9
What is the hundreds digit of 3984?
9
What is the units digit of 1053?
3